 i(x) = -7*x - 140. Calculate i(-26).
42
Let d(u) = -441*u + 11455. Give d(26).
-11
Let w(u) = -74*u - 471. Determine w(-6).
-27
Let k(c) = 6*c**3 - 2*c**2 + 202*c + 204. Determine k(-1).
-6
Let n(p) = -203*p**2 - 4058*p + 44. What is n(-20)?
4
Let f(v) = 432*v + 1287. Calculate f(-3).
-9
Let a(k) = -168*k - 954. What is a(-6)?
54
Let u(h) = -15*h - 32. Determine u(-2).
-2
Let a(k) = 53*k**2 + 135*k + 134. Calculate a(-1).
52
Let r(b) = -3*b**2 + 40*b - 205. Give r(6).
-73
Let h(u) = -5*u**2 - 45*u - 84. What is h(-8)?
-44
Let y(v) = 5*v**3 + 338*v**2 - 139*v - 202. Give y(-68).
2
Let b(l) = 2*l**3 + 56*l**2 - 57*l - 41. Calculate b(-29).
-70
Let b(l) = -l**3 - 70*l**2 - 130*l + 402. Give b(-68).
-6
Let d(c) = 7*c + 147. Give d(-6).
105
Let y(j) = -7*j**2 + 205*j - 64. Determine y(29).
-6
Let s(v) = -13*v + 69. Calculate s(-17).
290
Let y(i) = 2*i**3 + 16*i**2 - 15*i + 1. Determine y(-10).
-249
Let r(q) = q**2 + 29*q + 99. Give r(-34).
269
Let f(d) = d**2 + 51*d - 106. Give f(-58).
300
Let z(s) = s**3 - 94*s**2 - 86*s - 894. Give z(95).
-39
Let s(z) = 3*z**2 + 5*z + 57. What is s(-6)?
135
Let j(z) = 122*z + 1998. Give j(-16).
46
Let i(c) = c**3 + 26*c**2 + 27*c + 77. What is i(-25)?
27
Let q(f) = 182*f + 181. Give q(-1).
-1
Let x(p) = 2*p**2 - 69*p + 592. What is x(16)?
0
Let z(l) = l**2 - 8*l - 171. What is z(32)?
597
Let r(s) = -340*s + 652. Give r(2).
-28
Let t(z) = 3*z - 1. What is t(-2)?
-7
Let a(l) = -43*l**2 - 76*l + 156. Give a(2).
-168
Let o(q) = -q**2 + 38*q + 195. What is o(40)?
115
Let u(a) = -5*a - 39. Give u(-9).
6
Let z(b) = 187*b**2 + 1684*b + 13. Determine z(-9).
4
Let g(u) = -32*u + 117. What is g(-15)?
597
Let n(o) = o**3 - 18*o**2 - 37*o - 47. Give n(20).
13
Let o(y) = -10*y**2 - 19*y + 1. Determine o(1).
-28
Let j(f) = f**3 - 7*f**2 - 16*f - 52. What is j(9)?
-34
Let k(d) = -5*d**3 - 40*d**2 + 22*d + 27. Calculate k(-8).
-149
Let i(t) = 42*t**2 - 3988*t - 203. Determine i(95).
-13
Let k(d) = d**3 + d**2 - 7*d - 9. Give k(-2).
1
Let n(d) = 9*d**3 + 16*d**2 + 44*d + 13. What is n(-4)?
-483
Let u(k) = -k**2 + 28*k - 125. What is u(22)?
7
Let f(j) = -j**3 - 22*j**2 - 63*j - 143. What is f(-19)?
-29
Let p(w) = 9*w**2 + 40*w - 374. Give p(-9).
-5
Let g(w) = -w**3 - 11*w**2 - 38*w - 16. Calculate g(-9).
164
Let q(r) = 12*r**2 - r + 189. Determine q(0).
189
Let j(q) = -q**3 - 10*q**2 + 2*q - 20. Give j(-8).
-164
Let i(c) = 3*c**2 + 13*c - 4499. Calculate i(-41).
11
Let o(a) = -a**2 + 19*a - 12. Give o(1).
6
Let t(m) = -m**2 + 63*m - 360. Determine t(7).
32
Let w(g) = -179*g - 472. Give w(-5).
423
Let q(f) = f**3 - 2*f**2 + 15*f - 54. What is q(3)?
0
Let p(s) = -1421*s**2 - 16*s + 4. Give p(0).
4
Let u(p) = -p**3 - 18*p**2 + 48*p + 165. Calculate u(-20).
5
Let i(b) = -b**3 - 6*b**2 + 12*b + 37. Give i(-5).
-48
Let f(v) = -4*v**2 - 5*v - 8. Determine f(-6).
-122
Let l(w) = 9*w**3 - 22*w**2 + 8. Calculate l(2).
-8
Let v(d) = -3*d**2 - 84*d - 483. Give v(-20).
-3
Let s(h) = -h**3 - 31*h**2 - 243*h - 450. Determine s(-20).
10
Let k(i) = -3*i**3 - 12*i + 28. Give k(3).
-89
Let g(s) = s**3 + 10*s**2 - 20*s + 9. What is g(-12)?
-39
Let n(u) = -u**2 - 203*u - 4439. Give n(-178).
11
Let p(i) = -386*i - 29715. Calculate p(-77).
7
Let r(p) = 2*p**3 + 13*p**2 + 17*p + 3. What is r(-4)?
15
Let b(v) = 457*v + 782. Calculate b(-2).
-132
Let n(z) = -18*z - 717. Calculate n(-41).
21
Let z(p) = -259*p + 3338. Give z(12).
230
Let h(f) = 227*f - 6. Determine h(-1).
-233
Let n(z) = -267*z + 60602. Give n(227).
-7
Let u(a) = -2319*a - 41739. Calculate u(-18).
3
Let z(r) = -7*r**2 - 194*r + 62. Determine z(-28).
6
Let s(o) = -12*o**2 + 18*o - 157. What is s(7)?
-619
Let h(q) = q**3 - 5*q**2 - 37*q + 21. Give h(9).
12
Let k(r) = -769*r + 9291. What is k(12)?
63
Let u(c) = c**3 + 12*c**2 + 29*c - 28. Calculate u(-6).
14
Let b(w) = 1354*w - 2753. Calculate b(2).
-45
Let x(j) = -24*j - 161. What is x(-6)?
-17
Let y(s) = 3*s**3 + 23*s**2 + 3*s - 9. Calculate y(-8).
-97
Let d(r) = 124*r + 482. Give d(-4).
-14
Let s(w) = w**2 + 35*w - 761. Give s(15).
-11
Let y(x) = -44*x + 16. Determine y(-5).
236
Let a(v) = 702*v + 1760. Calculate a(-3).
-346
Let b(y) = 9*y + 404. Give b(-42).
26
Let q(m) = -2*m**3 - 31*m**2 + 42*m + 331. What is q(-16)?
-85
Let g(s) = 61*s + 552. Calculate g(-9).
3
Let d(v) = -v**2 + 167*v + 1645. What is d(176)?
61
Let z(k) = 22*k + 629. Give z(-30).
-31
Let p(q) = 222*q + 801. Calculate p(-4).
-87
Let i(k) = 1101*k - 5525. Determine i(5).
-20
Let c(p) = 114*p**2 + 72*p - 71. What is c(1)?
115
Let a(k) = 2*k**3 + 15*k**2 + 8*k - 6. What is a(-7)?
-13
Let n(f) = 8*f + 29. Give n(9).
101
Let f(o) = -428*o + 7265. What is f(17)?
-11
Let w(j) = 16*j - 105. What is w(-17)?
-377
Let d(q) = 11*q - 26. Calculate d(3).
7
Let b(y) = -126*y - 436. Give b(-5).
194
Let x(p) = p**3 - 64*p**2 - 15*p + 952. What is x(64)?
-8
Let r(y) = -y**2 + 4*y - 47. What is r(14)?
-187
Let r(b) = -12*b - 47. Calculate r(8).
-143
Let t(q) = 5*q**2 + 79*q + 52. Determine t(-15).
-8
Let m(f) = 30*f + 86. What is m(-6)?
-94
Let m(l) = l**3 + 5*l**2 + 24*l + 192. Determine m(-8).
-192
Let p(n) = -46*n**2 + 84*n - 230. Determine p(3).
-392
Let b(a) = -a**2 - 51*a - 25. Determine b(-8).
319
Let k(h) = -11*h**2 + 59*h - 1. Calculate k(3).
77
Let z(n) = 7*n**2 - 648*n + 985. What is z(91)?
-16
Let c(f) = f - 40. Calculate c(4).
-36
Let g(y) = -y**3 - 17*y**2 - 14*y - 15. What is g(-15)?
-255
Let c(i) = i**3 - 56*i**2 + 210*i - 117. What is c(52)?
-13
Let r(s) = s**2 - 26*s + 11. What is r(16)?
-149
Let l(v) = -8*v - 259. Determine l(-34).
13
Let v(o) = -6*o**3 + 21*o**2 + o + 26. Calculate v(4).
-18
Let h(p) = 1265*p + 34154. Give h(-27).
-1
Let i(h) = 24*h + 175. What is i(-6)?
31
Let a(y) = -7*y - 323. Calculate a(-48).
13
Let n(k) = -4*k**2 + 19*k + 1978. Give n(-20).
-2
Let v(n) = 7*n**2 + 21*n - 8. What is v(1)?
20
Let m(d) = -216*d - 6487. Give m(-30).
-7
Let p(h) = 35*h**3 + 207*h**2 - 14*h + 5. What is p(-6)?
-19
Let v(x) = 27*x**2 - 4701*x + 546. Calculate v(174).
24
Let y(t) = -3*t**3 + 154*t**2 + 263*t + 110. Give y(53).
4
Let y(b) = -b**2 + 1092*b - 30829. What is y(29)?
-2
Let i(r) = 2480*r - 19852. Give i(8).
-12
Let p(z) = -21*z**2 + 111*z + 140. Give p(-1).
8
Let z(w) = 2169*w - 17351. Calculate z(8).
1
Let l(r) = r**3 - 23*r**2 + 46*r - 104. Give l(21).
-20
Let n(y) = 5*y**2 - 4*y - 32. What is n(4)?
32
Let o(k) = -33*k**2 + 1121*k + 26. Calculate o(34).
-8
Let r(q) = -q**3 + 93*q**2 + 36*q + 14630. Give r(95).
0
Let a(r) = r**3 - 63*r**2 + 42*r - 2639. Give a(63).
7
Let z(d) = 5*d**3 - 2*d**2 - 14*d - 31. What is z(-2)?
-51
Let q(a) = a**3 - 22*a**2 - 4*a + 523. Calculate q(21).
-2
Let c(f) = -5*f**2 + 44*f - 5. What is c(6)?
79
Let b(h) = 2188*h - 4385. Calculate b(2).
-9
Let p(d) = -69*d**2 + 3*d + 2. Determine p(-1).
-70
Let x(d) = -41*d**2 - 39*d + 9. What is x(-1)?
7
Let q(v) = 4*v**2 - 44*v - 202. What is q(13)?
-98
Let h(l) = -l**2 - 183*l - 728. Determine h(-4).
-12
Let u(v) = -7*v**3 + 3*v**2 - 364*v + 362. Determine u(1).
-6
Let y(z) = -z**2 + 28*z + 396. Determine y(39).
-33
Let l(f) = 130*f**2 - 620*f - 131. Give l(5).
19
Let u(a) = a**2 - 56*a + 660. What is u(40)?
20
Let v(j) = -19*j - 204. What is v(-13)?
43
Let u(p) = 98*p - 12447. Give u(127).
-1
Let y(k) = k**3 + 6*k**2 - 6*k + 6. Calculate y(-5).
61
Let g(v) = 95*v + 38. Calculate g(-2).
-152
Let p(i) = 110*i - 6603. What is p(60)?
-3
Let f(u) = 2*u**3 + 61*u**2 + 221*u - 15. Determine f(-4).
-51
Let g(d) = d**3 - 15*d**2 + 24*d + 32. Determine g(13).
6
Let b(y) = 2*y**2 - 386*y + 17930. What is b(115)?
-10
Let h(w) = -w**3 - 28*w**2 - 192*w - 3. Give h(-18).
213
Let i(v) = v**3 - 47*v**2 + 57*v - 509. Calculate i(46).
-3
Let v(z) = 2*z**3 - 223*z**2 + 114*z - 328. What is v(111)?
5
Let t(o) = 2*o**2 + 15*o - 334. Give t(-20).
166
Let q(y) = 55*y**2 + 301*y + 150. Determine q(-5).
20
Let l(x) = -6*x**2 - 11*x - 18. Determine l(-2).
-20
Let x(k) = -314*k + 10072. What is x(32)?
24
Let w(x) = -x**2 + x + 255. Determine w(17).
-17
Let j(v) = 9*v**3 - 4*v**2 + 8*v - 10. Determine j(3).
221
Let q(z) = 2*z**3 + 33*z**2 + 4*z - 39. Determine q(-17).
-396
Let c(x) = 24*x + 66. Give c(-3).
-6
Let b(u) = 81*u - 52. Determine b(0).
-52
Let a(g) = g**2 - 54*g + 451. Give a(44).
11
Let v(m) = 27*m +